{"id":405,"date":"2019-05-15T14:15:34","date_gmt":"2019-05-15T17:15:34","guid":{"rendered":"https:\/\/lftconstrucao.com.br\/?page_id=405"},"modified":"2019-08-19T09:01:41","modified_gmt":"2019-08-19T12:01:41","slug":"servicos","status":"publish","type":"page","link":"https:\/\/www.lftconstrucao.com.br\/index.php\/servicos\/","title":{"rendered":"Servi\u00e7os"},"content":{"rendered":"\t\t<div data-elementor-type=\"wp-post\" data-elementor-id=\"405\" class=\"elementor elementor-405\" data-elementor-settings=\"[]\">\n\t\t\t\t\t\t<div class=\"elementor-inner\">\n\t\t\t\t\t\t\t<div class=\"elementor-section-wrap\">\n\t\t\t\t\t\t\t<section class=\"has_eae_slider elementor-section elementor-top-section elementor-element elementor-element-25029ce elementor-section-stretched elementor-section-boxed elementor-section-height-default elementor-section-height-default\" data-id=\"25029ce\" data-element_type=\"section\" data-settings=\"{&quot;stretch_section&quot;:&quot;section-stretched&quot;}\">\n\t\t\t\t\t\t<div class=\"elementor-container elementor-column-gap-default\">\n\t\t\t\t\t\t\t<div class=\"elementor-row\">\n\t\t\t\t\t<div class=\"has_eae_slider elementor-column elementor-col-100 elementor-top-column elementor-element elementor-element-8de7c43\" data-id=\"8de7c43\" data-element_type=\"column\">\n\t\t\t<div class=\"elementor-column-wrap elementor-element-populated\">\n\t\t\t\t\t\t\t<div class=\"elementor-widget-wrap\">\n\t\t\t\t\t\t<section class=\"has_eae_slider elementor-section elementor-inner-section elementor-element elementor-element-f5b81e5 elementor-section-boxed elementor-section-height-default elementor-section-height-default\" data-id=\"f5b81e5\" data-element_type=\"section\">\n\t\t\t\t\t\t<div class=\"elementor-container elementor-column-gap-default\">\n\t\t\t\t\t\t\t<div class=\"elementor-row\">\n\t\t\t\t\t<div class=\"has_eae_slider elementor-column elementor-col-50 elementor-inner-column elementor-element elementor-element-4166924\" data-id=\"4166924\" data-element_type=\"column\">\n\t\t\t<div class=\"elementor-column-wrap elementor-element-populated\">\n\t\t\t\t\t\t\t<div class=\"elementor-widget-wrap\">\n\t\t\t\t\t\t<div class=\"elementor-element elementor-element-b930f26 elementor-widget elementor-widget-heading\" data-id=\"b930f26\" data-element_type=\"widget\" data-widget_type=\"heading.default\">\n\t\t\t\t<div class=\"elementor-widget-container\">\n\t\t\t<h2 class=\"elementor-heading-title elementor-size-default\">Conhe\u00e7a nossos servi\u00e7os<\/h2>\t\t<\/div>\n\t\t\t\t<\/div>\n\t\t\t\t<div class=\"elementor-element elementor-element-d1dfcf7 elementor-tabs-view-horizontal elementor-widget elementor-widget-tabs\" data-id=\"d1dfcf7\" data-element_type=\"widget\" data-widget_type=\"tabs.default\">\n\t\t\t\t<div class=\"elementor-widget-container\">\n\t\t\t\t\t<div class=\"elementor-tabs\" role=\"tablist\">\n\t\t\t<div class=\"elementor-tabs-wrapper\">\n\t\t\t\t\t\t\t\t\t<div id=\"elementor-tab-title-2201\" class=\"elementor-tab-title elementor-tab-desktop-title\" data-tab=\"1\" role=\"tab\" aria-controls=\"elementor-tab-content-2201\"><a href=\"\">Constru\u00e7\u00f5es<\/a><\/div>\n\t\t\t\t\t\t\t\t\t<div id=\"elementor-tab-title-2202\" class=\"elementor-tab-title elementor-tab-desktop-title\" data-tab=\"2\" role=\"tab\" aria-controls=\"elementor-tab-content-2202\"><a href=\"\">Projetos<\/a><\/div>\n\t\t\t\t\t\t\t<\/div>\n\t\t\t<div class=\"elementor-tabs-content-wrapper\">\n\t\t\t\t\t\t\t\t\t<div class=\"elementor-tab-title elementor-tab-mobile-title\" data-tab=\"1\" role=\"tab\">Constru\u00e7\u00f5es<\/div>\n\t\t\t\t\t<div id=\"elementor-tab-content-2201\" class=\"elementor-tab-content elementor-clearfix\" data-tab=\"1\" role=\"tabpanel\" aria-labelledby=\"elementor-tab-title-2201\"><p>A LFT reuniu experi\u00eancia em diversos segmentos: constru\u00e7\u00f5es e projetos nas \u00e1reas comercial, residencial e m\u00e9dica, projetos de arquitetura e complementares, gerenciamento e administra\u00e7\u00e3o de obras e projetos. Nosso diferencial: experi\u00eancia, comprometimento, cumprimento de prazos e atendimento direto.<\/p><p>Obras Comerciais<br \/>Obras Residenciais<br \/>\u00c1rea de Sa\u00fade<\/p><\/div>\n\t\t\t\t\t\t\t\t\t<div class=\"elementor-tab-title elementor-tab-mobile-title\" data-tab=\"2\" role=\"tab\">Projetos<\/div>\n\t\t\t\t\t<div id=\"elementor-tab-content-2202\" class=\"elementor-tab-content elementor-clearfix\" data-tab=\"2\" role=\"tabpanel\" aria-labelledby=\"elementor-tab-title-2202\"><p>O projeto \u00e9 executado na sua totalidade, desde a estrutura at\u00e9 os detalhes construtivos mais complexos para o bom acabamento e funcionamento do espa\u00e7o.<\/p><p>\u00a0<\/p><p>\u00a0<\/p><\/div>\n\t\t\t\t\t\t\t<\/div>\n\t\t<\/div>\n\t\t\t\t<\/div>\n\t\t\t\t<\/div>\n\t\t\t\t\t\t<\/div>\n\t\t\t\t\t<\/div>\n\t\t<\/div>\n\t\t\t\t<div class=\"has_eae_slider elementor-column elementor-col-50 elementor-inner-column elementor-element elementor-element-3a4c7ce\" data-id=\"3a4c7ce\" data-element_type=\"column\">\n\t\t\t<div class=\"elementor-column-wrap elementor-element-populated\">\n\t\t\t\t\t\t\t<div class=\"elementor-widget-wrap\">\n\t\t\t\t\t\t<div class=\"elementor-element elementor-element-f3288d6 eae-label-pos-top elementor-widget elementor-widget-wts-ab-image\" data-id=\"f3288d6\" data-element_type=\"widget\" data-widget_type=\"wts-ab-image.default\">\n\t\t\t\t<div class=\"elementor-widget-container\">\n\t\t\t        <figure class=\"eae-img-comp-container mode-horizontal\" data-ab-style=\"horizontal\" data-slider-pos=\"50\" >\n                <img width=\"536\" height=\"400\" src=\"https:\/\/www.lftconstrucao.com.br\/wp-content\/uploads\/2019\/05\/241.jpg\" class=\"attachment-medium_large size-medium_large\" alt=\"\" loading=\"lazy\" data-skip-lazy=\"1\" srcset=\"https:\/\/www.lftconstrucao.com.br\/wp-content\/uploads\/2019\/05\/241.jpg 536w, https:\/\/www.lftconstrucao.com.br\/wp-content\/uploads\/2019\/05\/241-300x224.jpg 300w\" sizes=\"(max-width: 536px) 100vw, 536px\" \/>\n                            <span class=\"eae-text-before\">DEPOIS<\/span>\n            \n            <div class=\"icon-horizontal eae-img-comp-slider\" >\n                <i aria-hidden=\"true\" class=\"eae-slider-icon fas fa-star\"><\/i>            <\/div>\n\n            <div class=\"eae-img-comp-img eae-img-comp-overlay\">\n\t            <img width=\"595\" height=\"400\" src=\"https:\/\/www.lftconstrucao.com.br\/wp-content\/uploads\/2019\/05\/239.jpg\" class=\"attachment-medium_large size-medium_large\" alt=\"\" loading=\"lazy\" data-skip-lazy=\"1\" srcset=\"https:\/\/www.lftconstrucao.com.br\/wp-content\/uploads\/2019\/05\/239.jpg 595w, https:\/\/www.lftconstrucao.com.br\/wp-content\/uploads\/2019\/05\/239-300x202.jpg 300w\" sizes=\"(max-width: 595px) 100vw, 595px\" \/>\n                                <span class=\"eae-text-after\">ANTES<\/span>\n                        <\/div>\n\n        <\/figure>\n        \t\t<\/div>\n\t\t\t\t<\/div>\n\t\t\t\t\t\t<\/div>\n\t\t\t\t\t<\/div>\n\t\t<\/div>\n\t\t\t\t\t\t\t\t<\/div>\n\t\t\t\t\t<\/div>\n\t\t<\/section>\n\t\t\t\t\t\t<\/div>\n\t\t\t\t\t<\/div>\n\t\t<\/div>\n\t\t\t\t\t\t\t\t<\/div>\n\t\t\t\t\t<\/div>\n\t\t<\/section>\n\t\t\t\t<section class=\"has_eae_slider elementor-section elementor-top-section elementor-element elementor-element-eae5ecd elementor-hidden-tablet elementor-hidden-phone elementor-section-boxed elementor-section-height-default elementor-section-height-default\" data-id=\"eae5ecd\" data-element_type=\"section\">\n\t\t\t\t\t\t<div class=\"elementor-container elementor-column-gap-default\">\n\t\t\t\t\t\t\t<div class=\"elementor-row\">\n\t\t\t\t\t<div class=\"has_eae_slider elementor-column elementor-col-100 elementor-top-column elementor-element elementor-element-45a0b41\" data-id=\"45a0b41\" data-element_type=\"column\">\n\t\t\t<div class=\"elementor-column-wrap elementor-element-populated\">\n\t\t\t\t\t\t\t<div class=\"elementor-widget-wrap\">\n\t\t\t\t\t\t<div class=\"elementor-element elementor-element-01ee493 elementor-widget elementor-widget-image-gallery\" data-id=\"01ee493\" data-element_type=\"widget\" data-widget_type=\"image-gallery.default\">\n\t\t\t\t<div class=\"elementor-widget-container\">\n\t\t\t\t\t<div class=\"elementor-image-gallery\">\n\t\t\t<div id='gallery-1' class='gallery galleryid-405 gallery-columns-6 gallery-size-thumbnail'><figure class='gallery-item'>\n\t\t\t<div class='gallery-icon landscape'>\n\t\t\t\t<a data-elementor-open-lightbox=\"yes\" data-elementor-lightbox-slideshow=\"01ee493\" data-elementor-lightbox-title=\"236\" href='https:\/\/www.lftconstrucao.com.br\/wp-content\/uploads\/2019\/05\/236.jpg'><img width=\"150\" height=\"150\" src=\"https:\/\/www.lftconstrucao.com.br\/wp-content\/uploads\/2019\/05\/236-150x150.jpg\" class=\"attachment-thumbnail size-thumbnail\" alt=\"\" loading=\"lazy\" \/><\/a>\n\t\t\t<\/div><\/figure><figure class='gallery-item'>\n\t\t\t<div class='gallery-icon landscape'>\n\t\t\t\t<a data-elementor-open-lightbox=\"yes\" data-elementor-lightbox-slideshow=\"01ee493\" data-elementor-lightbox-title=\"238\" href='https:\/\/www.lftconstrucao.com.br\/wp-content\/uploads\/2019\/05\/238.jpg'><img width=\"150\" height=\"150\" src=\"https:\/\/www.lftconstrucao.com.br\/wp-content\/uploads\/2019\/05\/238-150x150.jpg\" class=\"attachment-thumbnail size-thumbnail\" alt=\"\" loading=\"lazy\" \/><\/a>\n\t\t\t<\/div><\/figure><figure class='gallery-item'>\n\t\t\t<div class='gallery-icon landscape'>\n\t\t\t\t<a data-elementor-open-lightbox=\"yes\" data-elementor-lightbox-slideshow=\"01ee493\" data-elementor-lightbox-title=\"226\" href='https:\/\/www.lftconstrucao.com.br\/wp-content\/uploads\/2019\/05\/226.jpg'><img width=\"150\" height=\"150\" src=\"https:\/\/www.lftconstrucao.com.br\/wp-content\/uploads\/2019\/05\/226-150x150.jpg\" class=\"attachment-thumbnail size-thumbnail\" alt=\"\" loading=\"lazy\" \/><\/a>\n\t\t\t<\/div><\/figure><figure class='gallery-item'>\n\t\t\t<div class='gallery-icon landscape'>\n\t\t\t\t<a data-elementor-open-lightbox=\"yes\" data-elementor-lightbox-slideshow=\"01ee493\" data-elementor-lightbox-title=\"228\" href='https:\/\/www.lftconstrucao.com.br\/wp-content\/uploads\/2019\/05\/228.jpg'><img width=\"150\" height=\"150\" src=\"https:\/\/www.lftconstrucao.com.br\/wp-content\/uploads\/2019\/05\/228-150x150.jpg\" class=\"attachment-thumbnail size-thumbnail\" alt=\"\" loading=\"lazy\" \/><\/a>\n\t\t\t<\/div><\/figure><figure class='gallery-item'>\n\t\t\t<div class='gallery-icon landscape'>\n\t\t\t\t<a data-elementor-open-lightbox=\"yes\" data-elementor-lightbox-slideshow=\"01ee493\" data-elementor-lightbox-title=\"225\" href='https:\/\/www.lftconstrucao.com.br\/wp-content\/uploads\/2019\/05\/225.jpg'><img width=\"150\" height=\"150\" src=\"https:\/\/www.lftconstrucao.com.br\/wp-content\/uploads\/2019\/05\/225-150x150.jpg\" class=\"attachment-thumbnail size-thumbnail\" alt=\"\" loading=\"lazy\" \/><\/a>\n\t\t\t<\/div><\/figure><figure class='gallery-item'>\n\t\t\t<div class='gallery-icon landscape'>\n\t\t\t\t<a data-elementor-open-lightbox=\"yes\" data-elementor-lightbox-slideshow=\"01ee493\" data-elementor-lightbox-title=\"223\" href='https:\/\/www.lftconstrucao.com.br\/wp-content\/uploads\/2019\/05\/223.jpg'><img width=\"150\" height=\"150\" src=\"https:\/\/www.lftconstrucao.com.br\/wp-content\/uploads\/2019\/05\/223-150x150.jpg\" class=\"attachment-thumbnail size-thumbnail\" alt=\"\" loading=\"lazy\" \/><\/a>\n\t\t\t<\/div><\/figure><figure class='gallery-item'>\n\t\t\t<div class='gallery-icon landscape'>\n\t\t\t\t<a data-elementor-open-lightbox=\"yes\" data-elementor-lightbox-slideshow=\"01ee493\" data-elementor-lightbox-title=\"204\" href='https:\/\/www.lftconstrucao.com.br\/wp-content\/uploads\/2019\/05\/204.jpg'><img width=\"150\" height=\"150\" src=\"https:\/\/www.lftconstrucao.com.br\/wp-content\/uploads\/2019\/05\/204-150x150.jpg\" class=\"attachment-thumbnail size-thumbnail\" alt=\"\" loading=\"lazy\" \/><\/a>\n\t\t\t<\/div><\/figure><figure class='gallery-item'>\n\t\t\t<div class='gallery-icon landscape'>\n\t\t\t\t<a data-elementor-open-lightbox=\"yes\" data-elementor-lightbox-slideshow=\"01ee493\" data-elementor-lightbox-title=\"165\" href='https:\/\/www.lftconstrucao.com.br\/wp-content\/uploads\/2019\/05\/165.jpg'><img width=\"150\" height=\"150\" src=\"https:\/\/www.lftconstrucao.com.br\/wp-content\/uploads\/2019\/05\/165-150x150.jpg\" class=\"attachment-thumbnail size-thumbnail\" alt=\"\" loading=\"lazy\" \/><\/a>\n\t\t\t<\/div><\/figure><figure class='gallery-item'>\n\t\t\t<div class='gallery-icon landscape'>\n\t\t\t\t<a data-elementor-open-lightbox=\"yes\" data-elementor-lightbox-slideshow=\"01ee493\" data-elementor-lightbox-title=\"147\" href='https:\/\/www.lftconstrucao.com.br\/wp-content\/uploads\/2019\/05\/147.jpg'><img width=\"150\" height=\"150\" src=\"https:\/\/www.lftconstrucao.com.br\/wp-content\/uploads\/2019\/05\/147-150x150.jpg\" class=\"attachment-thumbnail size-thumbnail\" alt=\"\" loading=\"lazy\" \/><\/a>\n\t\t\t<\/div><\/figure><figure class='gallery-item'>\n\t\t\t<div class='gallery-icon landscape'>\n\t\t\t\t<a data-elementor-open-lightbox=\"yes\" data-elementor-lightbox-slideshow=\"01ee493\" data-elementor-lightbox-title=\"139\" href='https:\/\/www.lftconstrucao.com.br\/wp-content\/uploads\/2019\/05\/139.jpg'><img width=\"150\" height=\"150\" src=\"https:\/\/www.lftconstrucao.com.br\/wp-content\/uploads\/2019\/05\/139-150x150.jpg\" class=\"attachment-thumbnail size-thumbnail\" alt=\"\" loading=\"lazy\" \/><\/a>\n\t\t\t<\/div><\/figure><figure class='gallery-item'>\n\t\t\t<div class='gallery-icon portrait'>\n\t\t\t\t<a data-elementor-open-lightbox=\"yes\" data-elementor-lightbox-slideshow=\"01ee493\" data-elementor-lightbox-title=\"126\" href='https:\/\/www.lftconstrucao.com.br\/wp-content\/uploads\/2019\/05\/126.jpg'><img width=\"150\" height=\"150\" src=\"https:\/\/www.lftconstrucao.com.br\/wp-content\/uploads\/2019\/05\/126-150x150.jpg\" class=\"attachment-thumbnail size-thumbnail\" alt=\"\" loading=\"lazy\" \/><\/a>\n\t\t\t<\/div><\/figure><figure class='gallery-item'>\n\t\t\t<div class='gallery-icon landscape'>\n\t\t\t\t<a data-elementor-open-lightbox=\"yes\" data-elementor-lightbox-slideshow=\"01ee493\" data-elementor-lightbox-title=\"127\" href='https:\/\/www.lftconstrucao.com.br\/wp-content\/uploads\/2019\/05\/127.jpg'><img width=\"150\" height=\"150\" src=\"https:\/\/www.lftconstrucao.com.br\/wp-content\/uploads\/2019\/05\/127-150x150.jpg\" class=\"attachment-thumbnail size-thumbnail\" alt=\"\" loading=\"lazy\" \/><\/a>\n\t\t\t<\/div><\/figure><figure class='gallery-item'>\n\t\t\t<div class='gallery-icon landscape'>\n\t\t\t\t<a data-elementor-open-lightbox=\"yes\" data-elementor-lightbox-slideshow=\"01ee493\" data-elementor-lightbox-title=\"128\" href='https:\/\/www.lftconstrucao.com.br\/wp-content\/uploads\/2019\/05\/128.jpg'><img width=\"150\" height=\"150\" src=\"https:\/\/www.lftconstrucao.com.br\/wp-content\/uploads\/2019\/05\/128-150x150.jpg\" class=\"attachment-thumbnail size-thumbnail\" alt=\"\" loading=\"lazy\" \/><\/a>\n\t\t\t<\/div><\/figure><figure class='gallery-item'>\n\t\t\t<div class='gallery-icon landscape'>\n\t\t\t\t<a data-elementor-open-lightbox=\"yes\" data-elementor-lightbox-slideshow=\"01ee493\" data-elementor-lightbox-title=\"117\" href='https:\/\/www.lftconstrucao.com.br\/wp-content\/uploads\/2019\/05\/117.jpg'><img width=\"150\" height=\"150\" src=\"https:\/\/www.lftconstrucao.com.br\/wp-content\/uploads\/2019\/05\/117-150x150.jpg\" class=\"attachment-thumbnail size-thumbnail\" alt=\"\" loading=\"lazy\" \/><\/a>\n\t\t\t<\/div><\/figure><figure class='gallery-item'>\n\t\t\t<div class='gallery-icon portrait'>\n\t\t\t\t<a data-elementor-open-lightbox=\"yes\" data-elementor-lightbox-slideshow=\"01ee493\" data-elementor-lightbox-title=\"110\" href='https:\/\/www.lftconstrucao.com.br\/wp-content\/uploads\/2019\/05\/110-1.jpg'><img width=\"150\" height=\"150\" src=\"https:\/\/www.lftconstrucao.com.br\/wp-content\/uploads\/2019\/05\/110-1-150x150.jpg\" class=\"attachment-thumbnail size-thumbnail\" alt=\"\" loading=\"lazy\" \/><\/a>\n\t\t\t<\/div><\/figure><figure class='gallery-item'>\n\t\t\t<div class='gallery-icon portrait'>\n\t\t\t\t<a data-elementor-open-lightbox=\"yes\" data-elementor-lightbox-slideshow=\"01ee493\" data-elementor-lightbox-title=\"108\" href='https:\/\/www.lftconstrucao.com.br\/wp-content\/uploads\/2019\/05\/108-1.jpg'><img width=\"150\" height=\"150\" src=\"https:\/\/www.lftconstrucao.com.br\/wp-content\/uploads\/2019\/05\/108-1-150x150.jpg\" class=\"attachment-thumbnail size-thumbnail\" alt=\"\" loading=\"lazy\" \/><\/a>\n\t\t\t<\/div><\/figure><figure class='gallery-item'>\n\t\t\t<div class='gallery-icon portrait'>\n\t\t\t\t<a data-elementor-open-lightbox=\"yes\" data-elementor-lightbox-slideshow=\"01ee493\" data-elementor-lightbox-title=\"102\" href='https:\/\/www.lftconstrucao.com.br\/wp-content\/uploads\/2019\/05\/102-1.jpg'><img width=\"150\" height=\"150\" src=\"https:\/\/www.lftconstrucao.com.br\/wp-content\/uploads\/2019\/05\/102-1-150x150.jpg\" class=\"attachment-thumbnail size-thumbnail\" alt=\"\" loading=\"lazy\" \/><\/a>\n\t\t\t<\/div><\/figure><figure class='gallery-item'>\n\t\t\t<div class='gallery-icon portrait'>\n\t\t\t\t<a data-elementor-open-lightbox=\"yes\" data-elementor-lightbox-slideshow=\"01ee493\" data-elementor-lightbox-title=\"69\" href='https:\/\/www.lftconstrucao.com.br\/wp-content\/uploads\/2019\/05\/69.jpg'><img width=\"150\" height=\"150\" src=\"https:\/\/www.lftconstrucao.com.br\/wp-content\/uploads\/2019\/05\/69-150x150.jpg\" class=\"attachment-thumbnail size-thumbnail\" alt=\"\" loading=\"lazy\" \/><\/a>\n\t\t\t<\/div><\/figure><figure class='gallery-item'>\n\t\t\t<div class='gallery-icon landscape'>\n\t\t\t\t<a data-elementor-open-lightbox=\"yes\" data-elementor-lightbox-slideshow=\"01ee493\" data-elementor-lightbox-title=\"64\" href='https:\/\/www.lftconstrucao.com.br\/wp-content\/uploads\/2019\/05\/64.jpg'><img width=\"150\" height=\"150\" src=\"https:\/\/www.lftconstrucao.com.br\/wp-content\/uploads\/2019\/05\/64-150x150.jpg\" class=\"attachment-thumbnail size-thumbnail\" alt=\"\" loading=\"lazy\" \/><\/a>\n\t\t\t<\/div><\/figure><figure class='gallery-item'>\n\t\t\t<div class='gallery-icon landscape'>\n\t\t\t\t<a data-elementor-open-lightbox=\"yes\" data-elementor-lightbox-slideshow=\"01ee493\" data-elementor-lightbox-title=\"59\" href='https:\/\/www.lftconstrucao.com.br\/wp-content\/uploads\/2019\/05\/59.jpg'><img width=\"150\" height=\"150\" src=\"https:\/\/www.lftconstrucao.com.br\/wp-content\/uploads\/2019\/05\/59-150x150.jpg\" class=\"attachment-thumbnail size-thumbnail\" alt=\"\" loading=\"lazy\" \/><\/a>\n\t\t\t<\/div><\/figure><figure class='gallery-item'>\n\t\t\t<div class='gallery-icon landscape'>\n\t\t\t\t<a data-elementor-open-lightbox=\"yes\" data-elementor-lightbox-slideshow=\"01ee493\" data-elementor-lightbox-title=\"30\" href='https:\/\/www.lftconstrucao.com.br\/wp-content\/uploads\/2019\/05\/30-1.jpg'><img width=\"150\" height=\"150\" src=\"https:\/\/www.lftconstrucao.com.br\/wp-content\/uploads\/2019\/05\/30-1-150x150.jpg\" class=\"attachment-thumbnail size-thumbnail\" alt=\"\" loading=\"lazy\" \/><\/a>\n\t\t\t<\/div><\/figure><figure class='gallery-item'>\n\t\t\t<div class='gallery-icon landscape'>\n\t\t\t\t<a data-elementor-open-lightbox=\"yes\" data-elementor-lightbox-slideshow=\"01ee493\" data-elementor-lightbox-title=\"11\" href='https:\/\/www.lftconstrucao.com.br\/wp-content\/uploads\/2019\/05\/11-1.jpg'><img width=\"150\" height=\"150\" src=\"https:\/\/www.lftconstrucao.com.br\/wp-content\/uploads\/2019\/05\/11-1-150x150.jpg\" class=\"attachment-thumbnail size-thumbnail\" alt=\"\" loading=\"lazy\" \/><\/a>\n\t\t\t<\/div><\/figure><figure class='gallery-item'>\n\t\t\t<div class='gallery-icon landscape'>\n\t\t\t\t<a data-elementor-open-lightbox=\"yes\" data-elementor-lightbox-slideshow=\"01ee493\" data-elementor-lightbox-title=\"9\" href='https:\/\/www.lftconstrucao.com.br\/wp-content\/uploads\/2019\/05\/9.jpg'><img width=\"150\" height=\"150\" src=\"https:\/\/www.lftconstrucao.com.br\/wp-content\/uploads\/2019\/05\/9-150x150.jpg\" class=\"attachment-thumbnail size-thumbnail\" alt=\"\" loading=\"lazy\" \/><\/a>\n\t\t\t<\/div><\/figure><figure class='gallery-item'>\n\t\t\t<div class='gallery-icon portrait'>\n\t\t\t\t<a data-elementor-open-lightbox=\"yes\" data-elementor-lightbox-slideshow=\"01ee493\" data-elementor-lightbox-title=\"112\" href='https:\/\/www.lftconstrucao.com.br\/wp-content\/uploads\/2019\/05\/112.jpg'><img width=\"150\" height=\"150\" src=\"https:\/\/www.lftconstrucao.com.br\/wp-content\/uploads\/2019\/05\/112-150x150.jpg\" class=\"attachment-thumbnail size-thumbnail\" alt=\"\" loading=\"lazy\" \/><\/a>\n\t\t\t<\/div><\/figure>\n\t\t<\/div>\n\t\t<\/div>\n\t\t\t\t<\/div>\n\t\t\t\t<\/div>\n\t\t\t\t<div class=\"elementor-element elementor-element-a6cb9a7 elementor-widget elementor-widget-spacer\" data-id=\"a6cb9a7\" data-element_type=\"widget\" data-widget_type=\"spacer.default\">\n\t\t\t\t<div class=\"elementor-widget-container\">\n\t\t\t\t\t<div class=\"elementor-spacer\">\n\t\t\t<div class=\"elementor-spacer-inner\"><\/div>\n\t\t<\/div>\n\t\t\t\t<\/div>\n\t\t\t\t<\/div>\n\t\t\t\t\t\t<\/div>\n\t\t\t\t\t<\/div>\n\t\t<\/div>\n\t\t\t\t\t\t\t\t<\/div>\n\t\t\t\t\t<\/div>\n\t\t<\/section>\n\t\t\t\t<section class=\"has_eae_slider elementor-section elementor-top-section elementor-element elementor-element-9e73949 elementor-section-boxed elementor-section-height-default elementor-section-height-default\" data-id=\"9e73949\" data-element_type=\"section\">\n\t\t\t\t\t\t<div class=\"elementor-container elementor-column-gap-default\">\n\t\t\t\t\t\t\t<div class=\"elementor-row\">\n\t\t\t\t\t<div class=\"has_eae_slider elementor-column elementor-col-100 elementor-top-column elementor-element elementor-element-8277fba\" data-id=\"8277fba\" data-element_type=\"column\">\n\t\t\t<div class=\"elementor-column-wrap\">\n\t\t\t\t\t\t\t<div class=\"elementor-widget-wrap\">\n\t\t\t\t\t\t\t\t<\/div>\n\t\t\t\t\t<\/div>\n\t\t<\/div>\n\t\t\t\t\t\t\t\t<\/div>\n\t\t\t\t\t<\/div>\n\t\t<\/section>\n\t\t\t\t\t\t<\/div>\n\t\t\t\t\t\t<\/div>\n\t\t\t\t\t<\/div>\n\t\t","protected":false},"excerpt":{"rendered":"<p>Conhe\u00e7a nossos servi\u00e7os Constru\u00e7\u00f5es Projetos Constru\u00e7\u00f5es A LFT reuniu experi\u00eancia em diversos segmentos: constru\u00e7\u00f5es e projetos nas \u00e1reas comercial, residencial e m\u00e9dica, projetos de arquitetura e complementares, gerenciamento e administra\u00e7\u00e3o de obras e projetos. Nosso diferencial: experi\u00eancia, comprometimento, cumprimento de prazos e atendimento direto. Obras ComerciaisObras Residenciais\u00c1rea de Sa\u00fade Projetos O projeto \u00e9 executado na &hellip;<\/p>\n<p class=\"read-more\"> <a class=\"\" href=\"https:\/\/www.lftconstrucao.com.br\/index.php\/servicos\/\"> <span class=\"screen-reader-text\">Servi\u00e7os<\/span> Leia mais &raquo;<\/a><\/p>\n","protected":false},"author":1,"featured_media":0,"parent":0,"menu_order":0,"comment_status":"closed","ping_status":"closed","template":"","meta":[],"yoast_head":"<!-- This site is optimized with the Yoast SEO plugin v15.0 - https:\/\/yoast.com\/wordpress\/plugins\/seo\/ -->\n<title>Servi\u00e7os - LFT<\/title>\n<meta name=\"robots\" content=\"index, follow, max-snippet:-1, max-image-preview:large, max-video-preview:-1\" \/>\n<link rel=\"canonical\" href=\"https:\/\/www.lftconstrucao.com.br\/index.php\/servicos\/\" \/>\n<meta property=\"og:locale\" content=\"pt_BR\" \/>\n<meta property=\"og:type\" content=\"article\" \/>\n<meta property=\"og:title\" content=\"Servi\u00e7os - LFT\" \/>\n<meta property=\"og:description\" content=\"Conhe\u00e7a nossos servi\u00e7os Constru\u00e7\u00f5es Projetos Constru\u00e7\u00f5es A LFT reuniu experi\u00eancia em diversos segmentos: constru\u00e7\u00f5es e projetos nas \u00e1reas comercial, residencial e m\u00e9dica, projetos de arquitetura e complementares, gerenciamento e administra\u00e7\u00e3o de obras e projetos. Nosso diferencial: experi\u00eancia, comprometimento, cumprimento de prazos e atendimento direto. Obras ComerciaisObras Residenciais\u00c1rea de Sa\u00fade Projetos O projeto \u00e9 executado na &hellip; Servi\u00e7os Leia mais &raquo;\" \/>\n<meta property=\"og:url\" content=\"https:\/\/www.lftconstrucao.com.br\/index.php\/servicos\/\" \/>\n<meta property=\"og:site_name\" content=\"LFT\" \/>\n<meta property=\"article:modified_time\" content=\"2019-08-19T12:01:41+00:00\" \/>\n<meta property=\"og:image\" content=\"https:\/\/www.lftconstrucao.com.br\/wp-content\/uploads\/2019\/05\/241.jpg\" \/>\n<meta name=\"twitter:card\" content=\"summary_large_image\" \/>\n<script type=\"application\/ld+json\" class=\"yoast-schema-graph\">{\"@context\":\"https:\/\/schema.org\",\"@graph\":[{\"@type\":\"WebSite\",\"@id\":\"https:\/\/www.lftconstrucao.com.br\/#website\",\"url\":\"https:\/\/www.lftconstrucao.com.br\/\",\"name\":\"LFT\",\"description\":\"Constru\\u00e7\\u00e3o e Incorpora\\u00e7\\u00e3o\",\"potentialAction\":[{\"@type\":\"SearchAction\",\"target\":\"https:\/\/www.lftconstrucao.com.br\/?s={search_term_string}\",\"query-input\":\"required name=search_term_string\"}],\"inLanguage\":\"pt-BR\"},{\"@type\":\"ImageObject\",\"@id\":\"https:\/\/www.lftconstrucao.com.br\/index.php\/servicos\/#primaryimage\",\"inLanguage\":\"pt-BR\",\"url\":\"https:\/\/www.lftconstrucao.com.br\/wp-content\/uploads\/2019\/05\/241.jpg\",\"width\":536,\"height\":400},{\"@type\":\"WebPage\",\"@id\":\"https:\/\/www.lftconstrucao.com.br\/index.php\/servicos\/#webpage\",\"url\":\"https:\/\/www.lftconstrucao.com.br\/index.php\/servicos\/\",\"name\":\"Servi\\u00e7os - LFT\",\"isPartOf\":{\"@id\":\"https:\/\/www.lftconstrucao.com.br\/#website\"},\"primaryImageOfPage\":{\"@id\":\"https:\/\/www.lftconstrucao.com.br\/index.php\/servicos\/#primaryimage\"},\"datePublished\":\"2019-05-15T17:15:34+00:00\",\"dateModified\":\"2019-08-19T12:01:41+00:00\",\"inLanguage\":\"pt-BR\",\"potentialAction\":[{\"@type\":\"ReadAction\",\"target\":[\"https:\/\/www.lftconstrucao.com.br\/index.php\/servicos\/\"]}]}]}<\/script>\n<!-- \/ Yoast SEO plugin. -->","_links":{"self":[{"href":"https:\/\/www.lftconstrucao.com.br\/index.php\/wp-json\/wp\/v2\/pages\/405"}],"collection":[{"href":"https:\/\/www.lftconstrucao.com.br\/index.php\/wp-json\/wp\/v2\/pages"}],"about":[{"href":"https:\/\/www.lftconstrucao.com.br\/index.php\/wp-json\/wp\/v2\/types\/page"}],"author":[{"embeddable":true,"href":"https:\/\/www.lftconstrucao.com.br\/index.php\/wp-json\/wp\/v2\/users\/1"}],"replies":[{"embeddable":true,"href":"https:\/\/www.lftconstrucao.com.br\/index.php\/wp-json\/wp\/v2\/comments?post=405"}],"version-history":[{"count":14,"href":"https:\/\/www.lftconstrucao.com.br\/index.php\/wp-json\/wp\/v2\/pages\/405\/revisions"}],"predecessor-version":[{"id":660,"href":"https:\/\/www.lftconstrucao.com.br\/index.php\/wp-json\/wp\/v2\/pages\/405\/revisions\/660"}],"wp:attachment":[{"href":"https:\/\/www.lftconstrucao.com.br\/index.php\/wp-json\/wp\/v2\/media?parent=405"}],"curies":[{"name":"wp","href":"https:\/\/api.w.org\/{rel}","templated":true}]}}